n factor of 6 and m.
6
Let x(b) = b. Let s be x(6). What is the highest common divisor of s and 3?
3
Suppose 4*t - 38 = 66. What is the highest common factor of 13 and t?
13
Suppose 3*z = -3*x - z + 184, 2*x - 3*z - 117 = 0. Let b = x + -36. Calculate the greatest common divisor of b and 8.
8
Let k be (8/(-5))/((-2)/(-30)). Let x = -3 - k. Let n = 19 + -5. Calculate the greatest common factor of n and x.
7
Let j be (-4)/6 - (-282)/18. What is the greatest common factor of 135 and j?
15
Let v = -9 + 31. What is the highest common divisor of v and 33?
11
Suppose 3*g - 432 = -5*i, -4*g + 4*i - 208 = -752. Let h be 21/28*(g + 1). Suppose 53 - 8 = 3*q. What is the highest common factor of q and h?
15
Let c = 124 - 84. Calculate the highest common divisor of 100 and c.
20
Let m = -104 + 296. Suppose 5*a - 11 - 4 = 0. Suppose -a*c + 72 = 3*d, 0*d = -d. What is the highest common divisor of c and m?
24
Let b = 2 + -4. Let w be (b/3)/((-3)/792). Calculate the greatest common factor of 22 and w.
22
Let p be 5 + 1*(3 - 4). Let j be (-2)/p + (-36)/(-8). What is the greatest common factor of j and 8?
4
Suppose -9*p + 6*p = -15. Let y be -2*2*(-135)/12. What is the highest common divisor of p and y?
5
Let f = -6 - -11. Suppose f*t = -11 + 26. Suppose -4*x + 0 - 12 = 0, 5*g + x - 27 = 0. Calculate the greatest common factor of t and g.
3
Suppose 0 = -2*k - 19 + 33. What is the greatest common divisor of k and 77?
7
Let i be (-1)/(-3 + (-56)/(-18)). Let m(o) = -o - 2. Let l be m(i). Calculate the highest common factor of l and 77.
7
Let z = 71 + -57. Calculate the highest common factor of 14 and z.
14
Let c = 31 + -3. Let s(m) = -m**2 + 6*m. Let l be s(5). Let r be l + 8/4 + -3. Calculate the highest common divisor of c and r.
4
Let j(i) = i**3 + 9*i**2 + 7*i - 6. Let c be j(-6). Suppose 0 = z + 2 - 9. Let y be (-792)/(-63) - 4/z. What is the highest common factor of y and c?
12
Suppose 3 = 2*k - 25. What is the greatest common divisor of 21 and k?
7
Suppose -3*u - 8 = -7*u. Suppose 5*i - n = 2*n + 39, u*n + 5 = i. Calculate the greatest common divisor of 27 and i.
9
Suppose 4*r - 6*r + 14 = 0. Calculate the highest common divisor of r and 35.
7
Let g be 8*1 + 1/(-1). Let h(a) = 25 - a**2 - a**3 - 3*a - 3*a**2 - 30. Let c be h(-5). What is the greatest common divisor of g and c?
7
Suppose -y - 3 + 31 = 0. Suppose -2*s + y = -4. Let u be 4/(s/5 + -3). Calculate the greatest common divisor of 5 and u.
5
Let a be 2 + 0/((-9)/3). Suppose -s - 4*s = a*c - 17, s - c = 2. Let u = 11 - s. What is the greatest common factor of u and 56?
8
Let f(g) = 5 - 4 + 5 + 2*g**2 - 6*g. Let v(k) = k**3 + 5*k**2 + 4. Let m be v(-5). Let q be f(m). What is the greatest common factor of q and 14?
14
Suppose 2*u + n + 7 = 5*u, -2*n = u. Suppose g = -s + 23, u*s + 5*g = 2*g + 51. Calculate the highest common factor of s and 2.
2
Let l be (0 - 3 - -64) + -2. Let s = l + -3. Calculate the highest common divisor of s and 7.
7
Let v = -50 + 74. Let y be v*(-1 + 39/9). Calculate the greatest common divisor of 8 and y.
8
Let g = 66 - 42. Suppose -g = -0*w - 3*w - o, 2*w - 4*o - 30 = 0. Calculate the greatest common divisor of 36 and w.
9
Let v(j) = -j**2 - 5*j - 5. Let t be v(-3). What is the highest common divisor of 3 and t?
1
Suppose -5*i + 0*i + 200 = 5*p, -60 = -p - 5*i. Suppose 0 = -6*u + 3*u + 15. What is the highest common factor of u and p?
5
Let y = -195 + 223. What is the highest common factor of y and 4?
4
Suppose -2*o - 5*s = -4*s - 137, 0 = 4*o - s - 283. Calculate the highest common divisor of 35 and o.
35
Let j = 149 - 99. Suppose -4*w + j = -258. What is the greatest common divisor of 11 and w?
11
Suppose 4*s = 3*s + 9. Let m be (-961)/(-3) - 1/3. Suppose f - 177 - 76 = -4*x, 5*f = -5*x + m. Calculate the greatest common factor of x and s.
9
Let a(h) = h**2 + 3*h - 2. Let g be a(-4). Suppose -g*j + 15 = j. What is the highest common factor of j and 5?
5
Suppose -4*s + 374 = -0*u + 3*u, -5*s + 5*u + 450 = 0. Let i = -48 + s. Calculate the greatest common factor of 11 and i.
11
Suppose 16 = -3*s + 7*s. Suppose -j + s*j + 3 = 0. Let l = j - -7. What is the greatest common factor of 54 and l?
6
Let z be (-35)/(-21) + 2/(-3). Let s = 1 + z. Suppose m + 216 = 5*m + s*y, -268 = -5*m - 3*y. What is the greatest common divisor of m and 8?
8
Let a be (-3 - -1)*2/(-4). Let k be -2 - (-3 - 10 - -2). Suppose 3*c = -0*c + k. What is the greatest common divisor of c and a?
1
Let j = -142 - -214. Calculate the greatest common factor of 180 and j.
36
Let b(g) = 54*g**3 + 2*g - 1. Let v be b(1). Let a be 66/1*(32/6 + -5). What is the greatest common factor of v and a?
11
Suppose j - 4 = -2*p, 0 = -3*j + 6*j. Let v(x) = x**2 - 2*x. Let m be v(p). Let q = m - -8. What is the greatest common factor of 8 and q?
8
Suppose 4*k + k - 1100 = 0. Suppose -q - 6 = q. Let o = 25 + q. Calculate the highest common factor of k and o.
22
Suppose -6*u + 2*u - 5*c = -1040, -277 = -u + 3*c. Let k = u + -167. Let f = k + 2. Calculate the highest common divisor of 10 and f.
10
Let g(z) = z**2 - z - 2. Let b = -8 - -5. Let j be g(b). Calculate the highest common divisor of j and 15.
5
Let t be 4/(20/105) - -3. Calculate the greatest common factor of t and 24.
24
Let w(y) = y - 6. Let g be w(-13). Let p = -11 - g. Calculate the greatest common divisor of 4 and p.
4
Let p be 6/4 - (-1)/2. Suppose 0 = 3*r - 8*r + 3*y + 214, 3*r - 4*y = 124. Suppose n + r = p*n. What is the highest common divisor of 4 and n?
4
Let k be -2 - (18/(-4))/(18/96). What is the highest common divisor of k and 4?
2
Let g(o) = 6*o**2 + 2*o + 1. Let f be g(-1). Suppose 4 - f = -z. What is the greatest common divisor of z and 9?
1
Let g = 1 - -1. Let r be g/(-8) + 62/(-8). Let s be ((-4)/r)/(2/64). Calculate the highest common divisor of s and 4.
4
Let y(t) = 2*t**2 - 3*t - 4. Let c be y(4). Let z = 7 - 5. What is the greatest common divisor of c and z?
2
Let b = 4 - 8. Suppose 30 = -2*j - 3*j. Let w be (j/b)/(-3)*-12. What is the greatest common factor of w and 6?
6
Let t(u) be the first derivative of u**3/3 + 5*u**2/2 + 12*u + 1. Let b be t(-8). Let z = 2 - -2. What is the greatest common factor of z and b?
4
Suppose -3*s + 69 = 3*b - 411, -3*s - b + 478 = 0. Let t = -111 + s. Let i be (t/(-18))/(2/(-3)). What is the greatest common factor of i and 28?
4
Suppose 4*a = 30 - 2. Suppose -3*m = -8*m - 490. Let p be ((-1)/2)/(1/m). What is the highest common factor of a and p?
7
Let k(q) = 34*q - 8. Let r be k(8). Suppose -l - r = -3*l. What is the greatest common factor of 12 and l?
12
Suppose 2*q - 4 = -3*r, 2*q - 4 = -2*r - 0*r. Suppose 4*s = -0*s + 4*o + 172, -5*s - o = -245. Let f = s - 32. What is the highest common divisor of q and f?
2
Let t(k) = -10*k - 4. Let g be t(-4). Let c be (-3 - -2)/((-2)/(-4)). Let a = 2 - c. What is the greatest common factor of a and g?
4
Let k be 26/(-3)*9/(-6). Let c = k + 71. What is the greatest common factor of 12 and c?
12
Suppose -4*f + 8 = -0*f. Let o(c) = 11*c**3 + c**2 + 3*c - 2. Let n be o(f). Suppose 3*r - r - n = 0. Calculate the highest common divisor of 6 and r.
6
Let x = -91 + 97. What is the greatest common factor of x and 66?
6
Let p(j) = 3*j - 14*j**2 - 18*j**2 - 2*j - 9*j**2. Let s be p(2). Let f = s - -237. Calculate the greatest common divisor of f and 15.
15
Let v be 66/14 - (-32)/112. Let j(w) = -2 + 3*w + 2*w - 2. Let y be j(v). What is the highest common divisor of y and 147?
21
Let t be (3*-1)/((-18)/24). Suppose -3*a + 2*w = -0*a - 4, -3*a - 4 = -4*w. What is the greatest common divisor of t and a?
4
Let l(t) = t**3 - 2*t**2 - 6*t. Let u be l(6). Calculate the greatest common divisor of 72 and u.
36
Suppose 4*p + 2 = a + 5, 0 = 4*p - 4*a. Calculate the highest common divisor of 3 and p.
1
Suppose -2*k = 3*w - 0*k - 77, -k = 3*w - 82. Let u be (-1046)/(-4) + 2/(-4). What is the greatest common divisor of u and w?
29
Let q be 40/(2*(-2)/(-8)). Suppose 0*m = 4*m - q. Calculate the highest common divisor of m and 30.
10
Let y = -74 + 125. Let m = y - 15. What is the greatest common divisor of 24 and m?
12
Suppose 64 = 4*b + o - 2, 3*b - 38 = 5*o. Calculate the highest common divisor of 24 and b.
8
Suppose -27*w = -24*w - 465. Calculate the greatest common factor of 31 and w.
31
Let 